{"id":80,"date":"2024-03-11T03:09:26","date_gmt":"2024-03-11T03:09:26","guid":{"rendered":"https:\/\/treslunasbeautyspa.com\/?page_id=80"},"modified":"2024-03-12T01:41:45","modified_gmt":"2024-03-12T01:41:45","slug":"centro-de-estetica","status":"publish","type":"page","link":"https:\/\/treslunasbeautyspa.com\/index.php\/centro-de-estetica\/","title":{"rendered":"Centro de Est\u00e9tica"},"content":{"rendered":"\t\t<div data-elementor-type=\"wp-page\" data-elementor-id=\"80\" class=\"elementor elementor-80\" data-elementor-post-type=\"page\">\n\t\t\t\t<div class=\"elementor-element elementor-element-3a4da34 e-flex e-con-boxed e-con e-parent\" data-id=\"3a4da34\" data-element_type=\"container\" data-settings=\"{&quot;content_width&quot;:&quot;boxed&quot;}\" data-core-v316-plus=\"true\">\n\t\t\t\t\t<div class=\"e-con-inner\">\n\t\t\t\t<div class=\"elementor-element elementor-element-08873c8 elementor-widget elementor-widget-heading\" data-id=\"08873c8\" data-element_type=\"widget\" data-widget_type=\"heading.default\">\n\t\t\t\t<div class=\"elementor-widget-container\">\n\t\t\t<style>\/*! elementor - v3.19.0 - 28-02-2024 *\/\n.elementor-heading-title{padding:0;margin:0;line-height:1}.elementor-widget-heading .elementor-heading-title[class*=elementor-size-]>a{color:inherit;font-size:inherit;line-height:inherit}.elementor-widget-heading .elementor-heading-title.elementor-size-small{font-size:15px}.elementor-widget-heading .elementor-heading-title.elementor-size-medium{font-size:19px}.elementor-widget-heading .elementor-heading-title.elementor-size-large{font-size:29px}.elementor-widget-heading .elementor-heading-title.elementor-size-xl{font-size:39px}.elementor-widget-heading .elementor-heading-title.elementor-size-xxl{font-size:59px}<\/style><h2 class=\"elementor-heading-title elementor-size-default\">TRES LUNAS BEAUTY SPA - Centro de Est\u00e9tica<\/h2>\t\t<\/div>\n\t\t\t\t<\/div>\n\t\t\t\t<div class=\"elementor-element elementor-element-bf2a8f1 elementor-widget elementor-widget-image\" data-id=\"bf2a8f1\" data-element_type=\"widget\" data-widget_type=\"image.default\">\n\t\t\t\t<div class=\"elementor-widget-container\">\n\t\t\t<style>\/*! elementor - v3.19.0 - 28-02-2024 *\/\n.elementor-widget-image{text-align:center}.elementor-widget-image a{display:inline-block}.elementor-widget-image a img[src$=\".svg\"]{width:48px}.elementor-widget-image img{vertical-align:middle;display:inline-block}<\/style>\t\t\t\t\t\t\t\t\t\t<img decoding=\"async\" width=\"188\" height=\"188\" src=\"https:\/\/treslunasbeautyspa.com\/wp-content\/uploads\/2024\/03\/loguitoreslunas.png\" class=\"attachment-large size-large wp-image-120\" alt=\"\" srcset=\"https:\/\/treslunasbeautyspa.com\/wp-content\/uploads\/2024\/03\/loguitoreslunas.png 188w, https:\/\/treslunasbeautyspa.com\/wp-content\/uploads\/2024\/03\/loguitoreslunas-150x150.png 150w\" sizes=\"(max-width: 188px) 100vw, 188px\" \/>\t\t\t\t\t\t\t\t\t\t\t\t\t<\/div>\n\t\t\t\t<\/div>\n\t\t\t\t<div class=\"elementor-element elementor-element-bf96cd5 elementor-widget elementor-widget-text-editor\" data-id=\"bf96cd5\" data-element_type=\"widget\" data-widget_type=\"text-editor.default\">\n\t\t\t\t<div class=\"elementor-widget-container\">\n\t\t\t<style>\/*! elementor - v3.19.0 - 28-02-2024 *\/\n.elementor-widget-text-editor.elementor-drop-cap-view-stacked .elementor-drop-cap{background-color:#69727d;color:#fff}.elementor-widget-text-editor.elementor-drop-cap-view-framed .elementor-drop-cap{color:#69727d;border:3px solid;background-color:transparent}.elementor-widget-text-editor:not(.elementor-drop-cap-view-default) .elementor-drop-cap{margin-top:8px}.elementor-widget-text-editor:not(.elementor-drop-cap-view-default) .elementor-drop-cap-letter{width:1em;height:1em}.elementor-widget-text-editor .elementor-drop-cap{float:left;text-align:center;line-height:1;font-size:50px}.elementor-widget-text-editor .elementor-drop-cap-letter{display:inline-block}<\/style>\t\t\t\t<h5 style=\"text-align: center;\"><span>&#8220;Sum\u00e9rgete en un oasis de bienestar en nuestro centro de est\u00e9tica. Experimenta la relajaci\u00f3n absoluta con masajes terap\u00e9uticos, elimina el vello no deseado con precisi\u00f3n en nuestras sesiones de depilaci\u00f3n y restaura la luminosidad de tu piel con nuestras rejuvenecedoras limpiezas faciales. \u00a1Bienvenido a tu refugio de belleza!&#8221;<\/span><\/h5>\t\t\t\t\t\t<\/div>\n\t\t\t\t<\/div>\n\t\t\t\t\t<\/div>\n\t\t\t\t<\/div>\n\t\t<div class=\"elementor-element elementor-element-1bd1368 e-flex e-con-boxed e-con e-parent\" data-id=\"1bd1368\" data-element_type=\"container\" data-settings=\"{&quot;content_width&quot;:&quot;boxed&quot;}\" data-core-v316-plus=\"true\">\n\t\t\t\t\t<div class=\"e-con-inner\">\n\t\t<div class=\"elementor-element elementor-element-2aba84fe e-con-full e-flex e-con e-child\" data-id=\"2aba84fe\" data-element_type=\"container\" data-settings=\"{&quot;content_width&quot;:&quot;full&quot;}\">\n\t\t\t\t<div class=\"elementor-element elementor-element-159c0cfb elementor-widget elementor-widget-heading\" data-id=\"159c0cfb\" data-element_type=\"widget\" data-widget_type=\"heading.default\">\n\t\t\t\t<div class=\"elementor-widget-container\">\n\t\t\t<h5 class=\"elementor-heading-title elementor-size-default\">MASAJE RELAJANTE<\/h5>\t\t<\/div>\n\t\t\t\t<\/div>\n\t\t\t\t<div class=\"elementor-element elementor-element-7d86015f elementor-widget elementor-widget-image\" data-id=\"7d86015f\" data-element_type=\"widget\" data-widget_type=\"image.default\">\n\t\t\t\t<div class=\"elementor-widget-container\">\n\t\t\t\t\t\t\t\t\t\t\t\t\t<img fetchpriority=\"high\" decoding=\"async\" width=\"400\" height=\"225\" src=\"https:\/\/treslunasbeautyspa.com\/wp-content\/uploads\/2024\/03\/MASAJE.jpg\" class=\"attachment-large size-large wp-image-99\" alt=\"\" srcset=\"https:\/\/treslunasbeautyspa.com\/wp-content\/uploads\/2024\/03\/MASAJE.jpg 400w, https:\/\/treslunasbeautyspa.com\/wp-content\/uploads\/2024\/03\/MASAJE-300x169.jpg 300w\" sizes=\"(max-width: 400px) 100vw, 400px\" \/>\t\t\t\t\t\t\t\t\t\t\t\t\t<\/div>\n\t\t\t\t<\/div>\n\t\t\t\t<div class=\"elementor-element elementor-element-29a3d691 elementor-widget elementor-widget-text-editor\" data-id=\"29a3d691\" data-element_type=\"widget\" data-widget_type=\"text-editor.default\">\n\t\t\t\t<div class=\"elementor-widget-container\">\n\t\t\t\t\t\t\t<p><strong>DESCONTRACTURANTE<\/strong><\/p><p>\u2022 Cuerpo completo &#8211; 60 minutos\u00a0 <strong>$70.000<\/strong><\/p><p>\u2022\u00a0 Solo Espalda\u00a0 &#8211; 40 minutos\u00a0 <strong>$40.000 <\/strong><\/p><p>\u2022\u00a0 Solo piernas &#8211; 40 minutos\u00a0 <strong>$40.000<\/strong><\/p>\t\t\t\t\t\t<\/div>\n\t\t\t\t<\/div>\n\t\t\t\t<div class=\"elementor-element elementor-element-35383b3d elementor-widget elementor-widget-image\" data-id=\"35383b3d\" data-element_type=\"widget\" data-widget_type=\"image.default\">\n\t\t\t\t<div class=\"elementor-widget-container\">\n\t\t\t\t\t\t\t\t\t\t\t\t\t<img decoding=\"async\" width=\"400\" height=\"225\" src=\"https:\/\/treslunasbeautyspa.com\/wp-content\/uploads\/2024\/03\/masaje02.jpg\" class=\"attachment-large size-large wp-image-111\" alt=\"\" srcset=\"https:\/\/treslunasbeautyspa.com\/wp-content\/uploads\/2024\/03\/masaje02.jpg 400w, https:\/\/treslunasbeautyspa.com\/wp-content\/uploads\/2024\/03\/masaje02-300x169.jpg 300w\" sizes=\"(max-width: 400px) 100vw, 400px\" \/>\t\t\t\t\t\t\t\t\t\t\t\t\t<\/div>\n\t\t\t\t<\/div>\n\t\t\t\t<\/div>\n\t\t<div class=\"elementor-element elementor-element-57ac3d17 e-con-full e-flex e-con e-child\" data-id=\"57ac3d17\" data-element_type=\"container\" data-settings=\"{&quot;content_width&quot;:&quot;full&quot;}\">\n\t\t\t\t<div class=\"elementor-element elementor-element-756be8bd elementor-widget elementor-widget-heading\" data-id=\"756be8bd\" data-element_type=\"widget\" data-widget_type=\"heading.default\">\n\t\t\t\t<div class=\"elementor-widget-container\">\n\t\t\t<h5 class=\"elementor-heading-title elementor-size-default\">LIMPIEZA FACIAL PROFUNDA<\/h5>\t\t<\/div>\n\t\t\t\t<\/div>\n\t\t\t\t<div class=\"elementor-element elementor-element-259d0c36 elementor-widget elementor-widget-image\" data-id=\"259d0c36\" data-element_type=\"widget\" data-widget_type=\"image.default\">\n\t\t\t\t<div class=\"elementor-widget-container\">\n\t\t\t\t\t\t\t\t\t\t\t\t\t<img loading=\"lazy\" decoding=\"async\" width=\"400\" height=\"225\" src=\"https:\/\/treslunasbeautyspa.com\/wp-content\/uploads\/2024\/03\/facial.jpg\" class=\"attachment-large size-large wp-image-103\" alt=\"\" srcset=\"https:\/\/treslunasbeautyspa.com\/wp-content\/uploads\/2024\/03\/facial.jpg 400w, https:\/\/treslunasbeautyspa.com\/wp-content\/uploads\/2024\/03\/facial-300x169.jpg 300w\" sizes=\"(max-width: 400px) 100vw, 400px\" \/>\t\t\t\t\t\t\t\t\t\t\t\t\t<\/div>\n\t\t\t\t<\/div>\n\t\t\t\t<div class=\"elementor-element elementor-element-635dda78 elementor-widget elementor-widget-text-editor\" data-id=\"635dda78\" data-element_type=\"widget\" data-widget_type=\"text-editor.default\">\n\t\t\t\t<div class=\"elementor-widget-container\">\n\t\t\t\t\t\t\t<p><strong>DESPIERTA LA BELLEZA NATURAL DE TU PIEL CON NUESTROS TRATAMIENTOS.<\/strong><\/p><p>\u2022 Limpiador en gel <br \/>\u2022 Exfoliaci\u00f3n <br \/>\u2022 Mascarilla de papa\u00edna <br \/>\u2022 Vaporozono <br \/>\u2022 Extracci\u00f3n de comedones (puntos negros) <br \/>\u2022 Microdermoabrasi\u00f3n con puntas de diamante <br \/>\u2022 T\u00f3nico astringente <br \/>\u2022 Alta frecuencia <br \/>\u2022 Mascarilla calmante <br \/>\u2022 Pantalla solar<\/p><p><strong>Valor $85.000<\/strong><\/p>\t\t\t\t\t\t<\/div>\n\t\t\t\t<\/div>\n\t\t\t\t<\/div>\n\t\t<div class=\"elementor-element elementor-element-5f15bb6b e-con-full e-flex e-con e-child\" data-id=\"5f15bb6b\" data-element_type=\"container\" data-settings=\"{&quot;content_width&quot;:&quot;full&quot;}\">\n\t\t\t\t<div class=\"elementor-element elementor-element-258a6f46 elementor-widget elementor-widget-heading\" data-id=\"258a6f46\" data-element_type=\"widget\" data-widget_type=\"heading.default\">\n\t\t\t\t<div class=\"elementor-widget-container\">\n\t\t\t<h5 class=\"elementor-heading-title elementor-size-default\">DEPILACI\u00d3N CON CERA<\/h5>\t\t<\/div>\n\t\t\t\t<\/div>\n\t\t\t\t<div class=\"elementor-element elementor-element-3aab850c elementor-widget elementor-widget-image\" data-id=\"3aab850c\" data-element_type=\"widget\" data-widget_type=\"image.default\">\n\t\t\t\t<div class=\"elementor-widget-container\">\n\t\t\t\t\t\t\t\t\t\t\t\t\t<img loading=\"lazy\" decoding=\"async\" width=\"400\" height=\"225\" src=\"https:\/\/treslunasbeautyspa.com\/wp-content\/uploads\/2024\/03\/depilacion.jpg\" class=\"attachment-large size-large wp-image-105\" alt=\"\" srcset=\"https:\/\/treslunasbeautyspa.com\/wp-content\/uploads\/2024\/03\/depilacion.jpg 400w, https:\/\/treslunasbeautyspa.com\/wp-content\/uploads\/2024\/03\/depilacion-300x169.jpg 300w\" sizes=\"(max-width: 400px) 100vw, 400px\" \/>\t\t\t\t\t\t\t\t\t\t\t\t\t<\/div>\n\t\t\t\t<\/div>\n\t\t\t\t<div class=\"elementor-element elementor-element-2a595e5 elementor-widget elementor-widget-text-editor\" data-id=\"2a595e5\" data-element_type=\"widget\" data-widget_type=\"text-editor.default\">\n\t\t\t\t<div class=\"elementor-widget-container\">\n\t\t\t\t\t\t\t<p><strong>DESCUBRE LA SUAVIDAD DE UNA PIEL SEDOSA Y LIBRE DE VELLO.<\/strong><\/p><p>\u2022 Bozo \u2022 Axila \u2022 Brazos \u2022 Pecho \u2022 Espalda \u2022 Piernas <br \/>\u2022 Depilaci\u00f3n Bikini (SOLO DAMAS)<\/p><p>PRECIOS ESPECIALES<\/p>\t\t\t\t\t\t<\/div>\n\t\t\t\t<\/div>\n\t\t\t\t<div class=\"elementor-element elementor-element-78ca1d12 elementor-widget elementor-widget-image\" data-id=\"78ca1d12\" data-element_type=\"widget\" data-widget_type=\"image.default\">\n\t\t\t\t<div class=\"elementor-widget-container\">\n\t\t\t\t\t\t\t\t\t\t\t\t\t<img loading=\"lazy\" decoding=\"async\" width=\"400\" height=\"225\" src=\"https:\/\/treslunasbeautyspa.com\/wp-content\/uploads\/2024\/03\/depilacion02.jpg\" class=\"attachment-large size-large wp-image-110\" alt=\"\" srcset=\"https:\/\/treslunasbeautyspa.com\/wp-content\/uploads\/2024\/03\/depilacion02.jpg 400w, https:\/\/treslunasbeautyspa.com\/wp-content\/uploads\/2024\/03\/depilacion02-300x169.jpg 300w\" sizes=\"(max-width: 400px) 100vw, 400px\" \/>\t\t\t\t\t\t\t\t\t\t\t\t\t<\/div>\n\t\t\t\t<\/div>\n\t\t\t\t<\/div>\n\t\t\t\t\t<\/div>\n\t\t\t\t<\/div>\n\t\t<div class=\"elementor-element elementor-element-d1d4efc e-flex e-con-boxed e-con e-parent\" data-id=\"d1d4efc\" data-element_type=\"container\" data-settings=\"{&quot;content_width&quot;:&quot;boxed&quot;}\" data-core-v316-plus=\"true\">\n\t\t\t\t\t<div class=\"e-con-inner\">\n\t\t\t\t<div class=\"elementor-element elementor-element-490b4cc elementor-align-center elementor-widget elementor-widget-button\" data-id=\"490b4cc\" data-element_type=\"widget\" data-widget_type=\"button.default\">\n\t\t\t\t<div class=\"elementor-widget-container\">\n\t\t\t\t\t<div class=\"elementor-button-wrapper\">\n\t\t\t<a class=\"elementor-button elementor-button-link elementor-size-sm\" href=\"https:\/\/wa.me\/573213325009\">\n\t\t\t\t\t\t<span class=\"elementor-button-content-wrapper\">\n\t\t\t\t\t\t<span class=\"elementor-button-text\">Cont\u00e1cto Via Whatsapp  321 332 50 09<\/span>\n\t\t<\/span>\n\t\t\t\t\t<\/a>\n\t\t<\/div>\n\t\t\t\t<\/div>\n\t\t\t\t<\/div>\n\t\t\t\t\t<\/div>\n\t\t\t\t<\/div>\n\t\t<div class=\"elementor-element elementor-element-48658f0 e-flex e-con-boxed e-con e-parent\" data-id=\"48658f0\" data-element_type=\"container\" data-settings=\"{&quot;content_width&quot;:&quot;boxed&quot;}\" data-core-v316-plus=\"true\">\n\t\t\t\t\t<div class=\"e-con-inner\">\n\t\t\t\t<div class=\"elementor-element elementor-element-f0786df elementor-widget elementor-widget-heading\" data-id=\"f0786df\" data-element_type=\"widget\" data-widget_type=\"heading.default\">\n\t\t\t\t<div class=\"elementor-widget-container\">\n\t\t\t<h6 class=\"elementor-heading-title elementor-size-default\"><a href=\"https:\/\/treslunasbeautyspa.com\/index.php\/contacto\/\">TRES LUNAS BEAUTY SPA - Centro de Est\u00e9tica\n\nCRA 26 No.16-14 SAN FRANCISCO - BUCARAMANGA<\/a><\/h6>\t\t<\/div>\n\t\t\t\t<\/div>\n\t\t\t\t<div class=\"elementor-element elementor-element-8160a43 elementor-widget elementor-widget-html\" data-id=\"8160a43\" data-element_type=\"widget\" data-widget_type=\"html.default\">\n\t\t\t\t<div class=\"elementor-widget-container\">\n\t\t\t<iframe src=\"https:\/\/www.google.com\/maps\/d\/embed?mid=12hej5abigiatDgRLgo3Yi53Q-VGXRFo&ehbc=2E312F&noprof=1\" width=\"640\" height=\"480\"><\/iframe>\t\t<\/div>\n\t\t\t\t<\/div>\n\t\t\t\t\t<\/div>\n\t\t\t\t<\/div>\n\t\t<div class=\"elementor-element elementor-element-e037ef6 e-flex e-con-boxed e-con e-parent\" data-id=\"e037ef6\" data-element_type=\"container\" data-settings=\"{&quot;content_width&quot;:&quot;boxed&quot;}\" data-core-v316-plus=\"true\">\n\t\t\t\t\t<div class=\"e-con-inner\">\n\t\t\t\t<div class=\"elementor-element elementor-element-8d6194a elementor-widget elementor-widget-heading\" data-id=\"8d6194a\" data-element_type=\"widget\" data-widget_type=\"heading.default\">\n\t\t\t\t<div class=\"elementor-widget-container\">\n\t\t\t<h6 class=\"elementor-heading-title elementor-size-default\">RECIBIMOS TARJETAS DEBITO, CREDITO, NEQUI, BANCOLOMBIA<\/h6>\t\t<\/div>\n\t\t\t\t<\/div>\n\t\t\t\t<div class=\"elementor-element elementor-element-a2026d2 elementor-widget elementor-widget-image\" data-id=\"a2026d2\" data-element_type=\"widget\" data-widget_type=\"image.default\">\n\t\t\t\t<div class=\"elementor-widget-container\">\n\t\t\t\t\t\t\t\t\t\t\t\t\t<img loading=\"lazy\" decoding=\"async\" width=\"300\" height=\"47\" src=\"https:\/\/treslunasbeautyspa.com\/wp-content\/uploads\/2024\/03\/pagostarjetas-300x47.png\" class=\"attachment-medium size-medium wp-image-245\" alt=\"\" srcset=\"https:\/\/treslunasbeautyspa.com\/wp-content\/uploads\/2024\/03\/pagostarjetas-300x47.png 300w, https:\/\/treslunasbeautyspa.com\/wp-content\/uploads\/2024\/03\/pagostarjetas-1024x159.png 1024w, https:\/\/treslunasbeautyspa.com\/wp-content\/uploads\/2024\/03\/pagostarjetas-768x119.png 768w, https:\/\/treslunasbeautyspa.com\/wp-content\/uploads\/2024\/03\/pagostarjetas-1536x239.png 1536w, https:\/\/treslunasbeautyspa.com\/wp-content\/uploads\/2024\/03\/pagostarjetas-2048x318.png 2048w\" sizes=\"(max-width: 300px) 100vw, 300px\" \/>\t\t\t\t\t\t\t\t\t\t\t\t\t<\/div>\n\t\t\t\t<\/div>\n\t\t\t\t\t<\/div>\n\t\t\t\t<\/div>\n\t\t\t\t<\/div>\n\t\t","protected":false},"excerpt":{"rendered":"<p>TRES LUNAS BEAUTY SPA &#8211; Centro de Est\u00e9tica &#8220;Sum\u00e9rgete en un oasis de bienestar en nuestro centro de est\u00e9tica. Experimenta la relajaci\u00f3n absoluta con masajes terap\u00e9uticos, elimina el vello no deseado con precisi\u00f3n en nuestras sesiones de depilaci\u00f3n y restaura la luminosidad de tu piel con nuestras rejuvenecedoras limpiezas faciales. [&hellip;]<\/p>\n","protected":false},"author":1,"featured_media":0,"parent":0,"menu_order":0,"comment_status":"closed","ping_status":"closed","template":"","meta":{"om_disable_all_campaigns":false,"_monsterinsights_skip_tracking":false,"_monsterinsights_sitenote_active":false,"_monsterinsights_sitenote_note":"","_monsterinsights_sitenote_category":0,"footnotes":""},"class_list":["post-80","page","type-page","status-publish","hentry"],"aioseo_notices":[],"_links":{"self":[{"href":"https:\/\/treslunasbeautyspa.com\/index.php\/wp-json\/wp\/v2\/pages\/80"}],"collection":[{"href":"https:\/\/treslunasbeautyspa.com\/index.php\/wp-json\/wp\/v2\/pages"}],"about":[{"href":"https:\/\/treslunasbeautyspa.com\/index.php\/wp-json\/wp\/v2\/types\/page"}],"author":[{"embeddable":true,"href":"https:\/\/treslunasbeautyspa.com\/index.php\/wp-json\/wp\/v2\/users\/1"}],"replies":[{"embeddable":true,"href":"https:\/\/treslunasbeautyspa.com\/index.php\/wp-json\/wp\/v2\/comments?post=80"}],"version-history":[{"count":56,"href":"https:\/\/treslunasbeautyspa.com\/index.php\/wp-json\/wp\/v2\/pages\/80\/revisions"}],"predecessor-version":[{"id":262,"href":"https:\/\/treslunasbeautyspa.com\/index.php\/wp-json\/wp\/v2\/pages\/80\/revisions\/262"}],"wp:attachment":[{"href":"https:\/\/treslunasbeautyspa.com\/index.php\/wp-json\/wp\/v2\/media?parent=80"}],"curies":[{"name":"wp","href":"https:\/\/api.w.org\/{rel}","templated":true}]}}